325).
17
Let k(j) = -20320*j + 1341129. Determine k(66).
9
Let q(k) = -274777*k - 549554. What is q(-2)?
0
Let z(t) = -396*t - 172718. Determine z(-437).
334
Let q(i) = i**3 + 10*i**2 + 9*i - 141. Calculate q(0).
-141
Let b(m) = 53401*m - 160175. Give b(3).
28
Let p(l) = l**3 + 293*l**2 - 719*l - 778211. Give p(-286).
-5
Let s(y) = 1294*y + 20536. Calculate s(-15).
1126
Let t(b) = -b**3 + 21*b**2 + 103*b - 642. Calculate t(11).
1701
Let c(b) = 2*b**2 + 171*b + 1424. Give c(-86).
1510
Let o(g) = -2*g**3 - 29*g**2 - 27*g - 49. Calculate o(-14).
133
Let k(x) = 5*x**2 + 104*x + 703. What is k(-16)?
319
Let i(w) = -w**3 + 158*w**2 - 5786*w - 3290. Determine i(59).
-45
Let r(c) = c**2 + 95*c + 2594. Give r(-81).
1460
Let r(t) = t**2 - 113*t + 3658. What is r(37)?
846
Let r(w) = -w**3 + 327*w**2 + 55356*w + 752. Give r(-123).
14
Let a(y) = -2403*y - 362862. Calculate a(-151).
-9
Let m(b) = 1193*b**2 - 77541*b - 280. Give m(65).
-20
Let d(x) = x**3 + 9*x**2 - 29*x - 87. Calculate d(-15).
-1002
Let u(g) = -326987*g - 13079492. Determine u(-40).
-12
Let z(u) = 5*u**3 + 16*u**2 - 1300*u - 8194. What is z(-7)?
-25
Let q(t) = -15*t**2 + 765*t + 190. Calculate q(53).
-1400
Let n(y) = 1944*y - 75833. Determine n(39).
-17
Let c(u) = 2*u**3 - 4*u**2 - 17*u + 92. Calculate c(4).
88
Let b(r) = -2507*r - 1551842. What is b(-619)?
-9
Let s(y) = 400*y - 5927. Determine s(12).
-1127
Let l(k) = -78*k**2 + 3113*k + 73. Determine l(40).
-207
Let d(l) = 1358*l - 563. Determine d(0).
-563
Let k(x) = 21*x**2 - 5563*x + 11061. Give k(2).
19
Let s(b) = b**3 - 11*b**2 - 160*b - 304. Calculate s(20).
96
Let g(p) = 161*p - 3572. What is g(25)?
453
Let p(x) = 25*x**2 - 865*x - 3489. What is p(39)?
801
Let o(c) = -11*c**2 - 442*c + 4192. What is o(8)?
-48
Let i(q) = 3*q**3 - q**2 - 55*q + 184. Calculate i(4).
140
Let m(u) = -13727*u + 411786. Calculate m(30).
-24
Let p(q) = -2*q**2 + 1366*q + 65512. Give p(728).
-8
Let d(q) = q**2 - 189*q + 1974. What is d(41)?
-4094
Let b(d) = 7*d**3 + 63*d**2 - 14*d + 72. Determine b(-10).
-488
Let g(n) = -n**3 - 100*n**2 - 13*n - 1142. Give g(-100).
158
Let t(c) = -11*c**2 + 121*c + 31189. What is t(59)?
37
Let p(m) = 25*m**2 - 1010*m + 451. Determine p(41).
1066
Let g(q) = 2*q**3 - 79*q**2 - 1924*q - 33. Calculate g(-17).
18
Let a(o) = 139*o + 23644. Calculate a(-170).
14
Let j(q) = -9*q**2 + 324*q - 1638. Calculate j(6).
-18
Let s(r) = -318*r + 19729. What is s(60)?
649
Let l(m) = 66*m - 3193. Give l(51).
173
Let p(z) = -13284*z - 1912895. What is p(-144)?
1
Let a(m) = -11*m**2 + 1166*m - 3462. Give a(3).
-63
Let u(l) = l**3 - 22*l**2 + 53*l - 47. Determine u(7).
-411
Let x(l) = 34762*l - 1251439. Give x(36).
-7
Let k(y) = -78*y**3 + 17*y**2 - 26*y - 45. Give k(-1).
76
Let g(m) = 2*m**2 + 551*m - 13372. Determine g(23).
359
Let f(t) = -16*t**2 + 346*t + 5320. What is f(-14)?
-2660
Let b(k) = 35*k**2 + 338*k - 176. Calculate b(-11).
341
Let y(c) = 25*c**2 + 269*c - 1118. Determine y(4).
358
Let s(f) = f**3 - 166*f**2 + 6744*f + 92. Calculate s(95).
-3
Let i(d) = 3*d**3 + 25*d**2 - 61*d - 498. Determine i(-9).
-111
Let o(r) = -r**2 - 176935*r + 1946386. What is o(11)?
-20
Let i(q) = -9*q**2 - 34211*q + 102634. Give i(3).
-80
Let s(x) = -4669*x - 70044. What is s(-15)?
-9
Let c(q) = -13*q**2 - 83*q - 415. What is c(-6)?
-385
Let a(z) = 930*z + 185160. Calculate a(-199).
90
Let a(h) = 461*h - 19684. Give a(43).
139
Let g(z) = -z**3 - 497*z**2 - 4373*z + 8818. Determine g(-488).
-454
Let r(o) = -o**2 + 156*o - 3701. What is r(25)?
-426
Let w(t) = -147*t + 2964. Determine w(20).
24
Let f(b) = -b**3 - 6*b**2 + 1753*b + 7056. Determine f(-4).
12
Let u(f) = 880*f - 10438. What is u(12)?
122
Let v(w) = -33222*w - 99729. Determine v(-3).
-63
Let w(o) = -13069*o + 13886. Determine w(1).
817
Let f(r) = r**2 + 3768*r - 163866. Determine f(43).
7
Let p(z) = -z**3 + 40*z**2 - 17*z - 2246. What is p(38)?
-4
Let f(q) = 539*q + 395. What is f(-3)?
-1222
Let q(m) = -957*m**2 + 1840*m - 3679. Determine q(2).
-3827
Let b(i) = i**3 - 21*i**2 - 80*i + 173. Give b(24).
-19
Let l(v) = 84*v + 10824. Determine l(-130).
-96
Let c(x) = 159418*x - 1913166. Calculate c(12).
-150
Let z(p) = -34*p + 8269. Determine z(106).
4665
Let h(u) = -4*u**3 + 612*u**2 + 41*u - 6260. What is h(153)?
13
Let w(h) = 442*h - 8251. Calculate w(19).
147
Let q(d) = 3*d**2 + 2256*d - 13653. Calculate q(6).
-9
Let a(f) = 2*f**3 - 122*f**2 - 5948*f - 355. Give a(93).
17
Let f(n) = 2*n**3 - 352*n**2 - 41*n + 68323. Give f(175).
-102
Let b(q) = 566320*q + 3397922. What is b(-6)?
2
Let w(n) = n**2 + 83839*n - 2180498. Calculate w(26).
-8
Let w(z) = -3*z**2 - 603*z - 87. What is w(0)?
-87
Let u(s) = s**2 - 1670*s + 8326. What is u(5)?
1
Let m(y) = -y**3 + 107*y**2 + 292*y + 4057. Give m(110).
-123
Let k(n) = -20*n**2 - 3*n - 186. What is k(10)?
-2216
Let q(c) = 161*c**2 - 3872*c + 11596. Determine q(3).
1429
Let a(s) = 2*s**3 + 172*s**2 - 13173*s + 7699. Give a(-135).
4
Let v(i) = 36*i**3 - 354*i**2 - 66*i + 91. Determine v(10).
31
Let h(g) = 11*g**2 + 208*g - 3642. Determine h(11).
-23
Let q(z) = 46*z**2 + 4269*z - 838. Give q(-93).
-1
Let r(z) = 202*z**3 + 4848*z**2 + 2*z + 37. What is r(-24)?
-11
Let l(f) = -2*f**3 + 44*f**2 + 97*f - 669. Determine l(24).
-645
Let o(p) = -8648*p - 8664. Give o(-1).
-16
Let g(o) = -2247*o - 38218. Determine g(-17).
-19
Let u(z) = 161*z**2 + 5779*z - 552. Calculate u(-36).
60
Let c(f) = 4034*f + 4120. Determine c(-1).
86
Let t(w) = -16*w - 1030. What is t(-19)?
-726
Let v(o) = -8*o**2 - 2342*o + 7699. Give v(-296).
3
Let o(l) = l**2 - 285*l + 17750. Determine o(92).
-6
Let n(i) = -3*i**2 - 391*i + 5462. Calculate n(13).
-128
Let t(n) = 2*n**3 + 135*n**2 - 369*n - 1326. Determine t(-70).
4
Let i(g) = -3322*g + 12. Determine i(0).
12
Let p(f) = f**3 + 80*f**2 - 11*f + 1647. Calculate p(-80).
2527
Let x(c) = 36232*c**2 - 181162*c - 2. Determine x(5).
-12
Let u(s) = -40*s**2 + 18215*s + 29707. Give u(457).
2
Let q(l) = l**3 + 165*l**2 - 678*l - 325. Give q(-169).
13
Let v(p) = -21379*p + 85515. Determine v(4).
-1
Let r(l) = -l**2 - 37877*l - 757193. Determine r(-20).
-53
Let r(d) = -95220*d - 1809190. What is r(-19)?
-10
Let i(n) = -n**3 - 145*n**2 + 150*n + 2545. Calculate i(-146).
1961
Let d(s) = -235*s - 10554. What is d(-44)?
-214
Let n(z) = -z**3 - 13*z**2 - 1511*z - 17978. Give n(-12).
10
Let b(y) = -74*y**2 + 1078*y - 3369. Determine b(10).
11
Let a(d) = 6*d**2 + 32563*d - 1312121. What is a(40)?
-1
Let a(x) = 1370*x + 19401. Calculate a(-17).
-3889
Let t(v) = -3297*v + 382443. Determine t(116).
-9
Let w(p) = -p**2 - 229*p - 11762. Give w(-156).
-374
Let v(c) = -7*c**3 + 1134*c**2 - 2230*c - 1642. What is v(160)?
-42
Let d(l) = 16*l**2 - 75*l - 9607. What is d(27)?
32
Let h(d) = 14384*d - 230325. Calculate h(16).
-181
Let j(s) = 562*s**3 - 6*s**2 + 122*s + 254. What is j(-2)?
-4510
Let l(o) = -o**2 - 228*o + 5170. Give l(21).
-59
Let z(s) = s**2 + 7213*s + 258377. What is z(-36)?
5
Let b(l) = -23329*l + 257248. Calculate b(11).
629
Let w(z) = -4*z**3 + 727*z**2 - 539*z - 575. What is w(181)?
149
Let k(s) = -3*s**3 - 6*s**2 - 14*s - 48. Determine k(0).
-48
Let s(o) = o**3 - 59*o**2 + 799*o. Give s(38).
38
Let m(j) = 5037*j - 302320. What is m(60)?
-100
Let g(u) = 1437*u - 26065. Determine g(18).
-199
Let s(a) = 2973*a + 17832. What is s(-6)?
-6
Let s(t) = 1239*t + 4715. Calculate s(-4).
-241
Let s(c) = c**3 - 147*c**2 + 321*c - 338. Determine s(145).
4157
Let k(y) = 409217*y + 2455295. Give k(-6).
-7
Let k(i) = -i**3 + 55*i**2 + 284*i + 859. Give k(60).
-101
Let a(y) = 3*y**2 + 609*y - 9337. Give a(15).
473
Let u(i) = -i**3 + 97*i**2 - 295*i + 191. Calculate u(1).
-8
Let f(w) = w**3 - 9*w**2 - 837*w + 4800. Determine f(31).
-5
Let f(x) = 11*x**3 - 127*x**2 + 303*x + 96. Calculate f(8).
24
Let h(i) = 16*i**2 + 6465*i + 38770. Give h(-6).
556
Let b(l) = l**3 + 21*l**2 - 46*l - 1135. Give b(-22).
-607
Let v(i) = -39556*i + 316395. What is v(8)?
-53
Let m(d) = 1932*d - 544846. Calculate m(282).
-22
Let l(b) = -193710*b + 1549702. Give l(8).
22
Let h(i) = 226*i**2 - 476*i - 8026. Determine h(-5).
4
Let q(f) = 330*f**2 + 3063*f + 6141. Give q(-2).
1335
Let x(w) = 8*w**2 - 239*w - 1742. What is x(-7)?
323
Let x(u) = 572*u - 33193. Determine x(58).
-17
Let r(b) = 15